{"id":15,"date":"2021-07-23T19:26:03","date_gmt":"2021-07-23T19:26:03","guid":{"rendered":"https:\/\/finamena.lt\/?page_id=15"},"modified":"2022-12-27T18:08:42","modified_gmt":"2022-12-27T18:08:42","slug":"lt","status":"publish","type":"page","link":"https:\/\/finamena.lt\/","title":{"rendered":"LT"},"content":{"rendered":"<p>[et_pb_section fb_built=&#8221;1&#8243; fullwidth=&#8221;on&#8221; disabled_on=&#8221;on|on|off&#8221; _builder_version=&#8221;4.16&#8243; _module_preset=&#8221;default&#8221; global_colors_info=&#8221;{}&#8221;][et_pb_fullwidth_header title=&#8221;BUHALTERIN\u0116S APSKAITOS  PASLAUGOS&#8221; text_orientation=&#8221;center&#8221; header_fullscreen=&#8221;on&#8221; header_scroll_down=&#8221;on&#8221; scroll_down_icon=&#8221;%%1%%&#8221; scroll_down_icon_color=&#8221;#000000&#8243; button_one_text=&#8221;Susisiekime&#8221; button_one_url=&#8221;#kontaktai&#8221; _builder_version=&#8221;4.19.4&#8243; _module_preset=&#8221;default&#8221; title_font=&#8221;|800|||||||&#8221; title_text_color=&#8221;#000000&#8243; title_font_size=&#8221;35px&#8221; content_font=&#8221;Montserrat|800||on|||||&#8221; content_text_align=&#8221;left&#8221; content_text_color=&#8221;#000000&#8243; content_font_size=&#8221;40px&#8221; content_line_height=&#8221;1.3em&#8221; background_enable_color=&#8221;off&#8221; custom_button_one=&#8221;on&#8221; button_one_text_color=&#8221;#FFFFFF&#8221; button_one_bg_color=&#8221;#014f82&#8243; button_one_border_color=&#8221;#014f82&#8243; button_one_border_radius=&#8221;10px&#8221; button_one_font=&#8221;|||on|||||&#8221; button_one_use_icon=&#8221;off&#8221; background_layout=&#8221;light&#8221; hover_enabled=&#8221;0&#8243; title_text_align_tablet=&#8221;&#8221; title_text_align_phone=&#8221;center&#8221; title_text_align_last_edited=&#8221;on|tablet&#8221; content_text_align_tablet=&#8221;center&#8221; content_text_align_phone=&#8221;center&#8221; content_text_align_last_edited=&#8221;on|desktop&#8221; content_font_size_tablet=&#8221;&#8221; content_font_size_phone=&#8221;35px&#8221; content_font_size_last_edited=&#8221;on|phone&#8221; background_last_edited=&#8221;on|phone&#8221; background_enable_image_tablet=&#8221;off&#8221; global_colors_info=&#8221;{}&#8221; button_one_text_color__hover_enabled=&#8221;on|desktop&#8221; button_one_text_color__hover=&#8221;#014f82&#8243; button_one_bg_color__hover_enabled=&#8221;on|hover&#8221; button_one_bg_color__hover=&#8221;#FFFFFF&#8221; button_one_bg_enable_color__hover=&#8221;on&#8221; button_one_border_color__hover_enabled=&#8221;off|hover&#8221; button_one_border_color__hover=&#8221;#0C71C3&#8243; title_text=&#8221;finamena&#8221; background_image=&#8221;http:\/\/finamena.lt\/wp-content\/uploads\/2022\/12\/finamena-scaled.webp&#8221; sticky_enabled=&#8221;0&#8243; background_overlay_color=&#8221;rgba(255,255,255,0.5)&#8221; button_one_bg_enable_color=&#8221;on&#8221;][\/et_pb_fullwidth_header][\/et_pb_section][et_pb_section fb_built=&#8221;1&#8243; fullwidth=&#8221;on&#8221; disabled_on=&#8221;off|off|on&#8221; _builder_version=&#8221;4.16&#8243; _module_preset=&#8221;default&#8221; global_colors_info=&#8221;{}&#8221;][et_pb_fullwidth_header text_orientation=&#8221;center&#8221; header_fullscreen=&#8221;on&#8221; header_scroll_down=&#8221;on&#8221; scroll_down_icon=&#8221;%%1%%&#8221; scroll_down_icon_color=&#8221;#000000&#8243; button_one_text=&#8221;Susisiekime&#8221; button_one_url=&#8221;#kontaktai&#8221; _builder_version=&#8221;4.19.4&#8243; _module_preset=&#8221;default&#8221; title_font=&#8221;|800|||||||&#8221; title_text_color=&#8221;#000000&#8243; title_font_size=&#8221;32px&#8221; content_font=&#8221;Montserrat|800||on|||||&#8221; content_text_align=&#8221;left&#8221; content_text_color=&#8221;#000000&#8243; content_font_size=&#8221;41px&#8221; content_line_height=&#8221;1.3em&#8221; background_enable_color=&#8221;off&#8221; background_image=&#8221;http:\/\/finamena.lt\/wp-content\/uploads\/2021\/07\/wp-header-2.jpg&#8221; custom_button_one=&#8221;on&#8221; button_one_text_color=&#8221;#FFFFFF&#8221; button_one_bg_color=&#8221;#014f82&#8243; button_one_border_color=&#8221;#014f82&#8243; button_one_border_radius=&#8221;10px&#8221; button_one_font=&#8221;|||on|||||&#8221; button_one_use_icon=&#8221;off&#8221; background_layout=&#8221;light&#8221; hover_enabled=&#8221;0&#8243; title_text_align_tablet=&#8221;&#8221; title_text_align_phone=&#8221;center&#8221; title_text_align_last_edited=&#8221;on|tablet&#8221; title_font_size_last_edited=&#8221;on|tablet&#8221; content_text_align_tablet=&#8221;center&#8221; content_text_align_phone=&#8221;center&#8221; content_text_align_last_edited=&#8221;on|desktop&#8221; content_font_size_tablet=&#8221;32px&#8221; content_font_size_phone=&#8221;27px&#8221; content_font_size_last_edited=&#8221;on|desktop&#8221; background_last_edited=&#8221;on|phone&#8221; background_enable_image_tablet=&#8221;on&#8221; global_colors_info=&#8221;{}&#8221; button_one_text_color__hover_enabled=&#8221;on|desktop&#8221; button_one_text_color__hover=&#8221;#014f82&#8243; button_one_bg_color__hover_enabled=&#8221;on|desktop&#8221; button_one_bg_color__hover=&#8221;#FFFFFF&#8221; button_one_bg_enable_color__hover=&#8221;on&#8221; button_one_border_color__hover_enabled=&#8221;off|hover&#8221; button_one_border_color__hover=&#8221;#0C71C3&#8243; title_text=&#8221;finamena&#8221; background_image_phone=&#8221;http:\/\/finamena.lt\/wp-content\/uploads\/2022\/12\/finamena-scaled.webp&#8221; background_enable_image_phone=&#8221;on&#8221; background_blend_phone=&#8221;normal&#8221; background_overlay_color=&#8221;rgba(255,255,255,0.5)&#8221; sticky_enabled=&#8221;0&#8243; button_one_bg_enable_color=&#8221;on&#8221; button_one_bg_color_last_edited=&#8221;on|phone&#8221; background_image_tablet=&#8221;http:\/\/finamena.lt\/wp-content\/uploads\/2022\/12\/finamena-scaled.webp&#8221; title_font_size_tablet=&#8221;28px&#8221; title_font_size_phone=&#8221;28px&#8221; button_one_bg_color_tablet=&#8221;#014f82&#8243; button_one_bg_color_phone=&#8221;#014f82&#8243;]<\/p>\n<p>Buhalterin\u0117s apskaitos<\/p>\n<p>paslaugos<\/p>\n<p>[\/et_pb_fullwidth_header][\/et_pb_section][et_pb_section fb_built=&#8221;1&#8243; _builder_version=&#8221;4.16&#8243; _module_preset=&#8221;default&#8221; global_colors_info=&#8221;{}&#8221;][et_pb_row module_id=&#8221;paslaugos&#8221; _builder_version=&#8221;4.16&#8243; _module_preset=&#8221;default&#8221; global_colors_info=&#8221;{}&#8221;][et_pb_column type=&#8221;4_4&#8243; _builder_version=&#8221;4.16&#8243; _module_preset=&#8221;default&#8221; global_colors_info=&#8221;{}&#8221;][et_pb_text _builder_version=&#8221;4.16&#8243; _module_preset=&#8221;default&#8221; text_font=&#8221;Montserrat|700||on|||||&#8221; text_text_color=&#8221;#000000&#8243; text_font_size=&#8221;30px&#8221; text_orientation=&#8221;center&#8221; global_colors_info=&#8221;{}&#8221;]<\/p>\n<p>PASLAUGOS<\/p>\n<p>[\/et_pb_text][\/et_pb_column][\/et_pb_row][et_pb_row column_structure=&#8221;1_2,1_2&#8243; make_equal=&#8221;on&#8221; _builder_version=&#8221;4.16&#8243; _module_preset=&#8221;default&#8221; global_colors_info=&#8221;{}&#8221;][et_pb_column type=&#8221;1_2&#8243; _builder_version=&#8221;4.16&#8243; _module_preset=&#8221;default&#8221; global_colors_info=&#8221;{}&#8221;][et_pb_cta title=&#8221;Apskaitos tvarkymo paslaugos&#8221; _builder_version=&#8221;4.19.4&#8243; _module_preset=&#8221;default&#8221; header_text_color=&#8221;#014f82&#8243; background_layout=&#8221;light&#8221; min_height=&#8221;240px&#8221; custom_margin=&#8221;||||false|false&#8221; custom_padding=&#8221;||||false|false&#8221; border_radii=&#8221;on|10px|10px|10px|10px&#8221; border_width_all=&#8221;1px&#8221; border_color_all=&#8221;#000000&#8243; global_colors_info=&#8221;{}&#8221; header_font=&#8221;|800||on|||||&#8221; sticky_enabled=&#8221;0&#8243; background_enable_color=&#8221;off&#8221; custom_css_main_element=&#8221;min-height: 260px;&#8221; header_font_size_last_edited=&#8221;on|phone&#8221; header_font_size_phone=&#8221;18px&#8221; body_font_size_last_edited=&#8221;on|phone&#8221; body_font_size_phone=&#8221;13px&#8221; hover_enabled=&#8221;0&#8243;]<\/p>\n<p>\u012esteig\u0117te \u012fmon\u0119? O gal netenkina buhalterin\u0117s paslaugos? Mes Jums pad\u0117sime! Tvarkome apskait\u0105 nuo s\u0105skait\u0173 i\u0161ra\u0161ymo iki finansin\u0117s atskaitomyb\u0117s sudarymo.<\/p>\n<p>[\/et_pb_cta][et_pb_cta title=&#8221;Vyriausiojo buhalterio funkcija&#8221; _builder_version=&#8221;4.19.4&#8243; _module_preset=&#8221;default&#8221; header_text_color=&#8221;#014f82&#8243; background_layout=&#8221;light&#8221; min_height=&#8221;240px&#8221; custom_margin=&#8221;||||false|false&#8221; custom_padding=&#8221;||||false|false&#8221; border_radii=&#8221;on|10px|10px|10px|10px&#8221; border_width_all=&#8221;1px&#8221; border_color_all=&#8221;#000000&#8243; global_colors_info=&#8221;{}&#8221; header_font=&#8221;|800||on|||||&#8221; sticky_enabled=&#8221;0&#8243; custom_css_main_element=&#8221;min-height: 260px;&#8221; body_font_size_phone=&#8221;13px&#8221; body_font_size_last_edited=&#8221;on|phone&#8221; background_enable_color=&#8221;off&#8221; header_font_size_last_edited=&#8221;on|phone&#8221; header_font_size_phone=&#8221;18px&#8221; hover_enabled=&#8221;0&#8243;]<\/p>\n<div><span lang=\"LT\">Mes si\u016blome J\u016bs\u0173 buhalterio patikrinim\u0105 ir kontrol\u0119.\u00a0 Patikrinsime visas J\u016bs\u0173 buhalterio atliktas operacijas, darbo u\u017emokes\u010dio skai\u010diavim\u0105, mokes\u010di\u0173 skai\u010diavim\u0105 bei deklaravim\u0105, ataskait\u0173 rengim\u0105. <\/span><\/div>\n<p>[\/et_pb_cta][\/et_pb_column][et_pb_column type=&#8221;1_2&#8243; _builder_version=&#8221;4.16&#8243; _module_preset=&#8221;default&#8221; global_colors_info=&#8221;{}&#8221;][et_pb_cta title=&#8221;Apleistos buhalterin\u0117s apskaitos tvarkymas&#8221; _builder_version=&#8221;4.19.4&#8243; _module_preset=&#8221;default&#8221; header_text_color=&#8221;#014f82&#8243; background_layout=&#8221;light&#8221; min_height=&#8221;240px&#8221; custom_margin=&#8221;||||false|false&#8221; custom_padding=&#8221;||||false|false&#8221; header_font_size_tablet=&#8221;&#8221; border_radii=&#8221;on|10px|10px|10px|10px&#8221; border_width_all=&#8221;1px&#8221; border_color_all=&#8221;#000000&#8243; global_colors_info=&#8221;{}&#8221; header_font=&#8221;|800||on|||||&#8221; custom_css_main_element=&#8221;min-height: 260px;&#8221; background_enable_color=&#8221;off&#8221; body_font_size_phone=&#8221;13px&#8221; body_font_size_last_edited=&#8221;on|phone&#8221; header_font_size_last_edited=&#8221;on|phone&#8221; header_font_size_phone=&#8221;18px&#8221; hover_enabled=&#8221;0&#8243; sticky_enabled=&#8221;0&#8243;]<\/p>\n<p>D\u0117l per didelio darb\u0173 kiekio pamir\u0161ote, apie \u012fmon\u0117s buhalterin\u0117s apskaitos vedim\u0105? Mes pad\u0117sime sutvarkyti apleist\u0105 apskait\u0105.<\/p>\n<p>[\/et_pb_cta][et_pb_cta title=&#8221;Konsultacijos mokes\u010di\u0173 klausimais&#8221; _builder_version=&#8221;4.19.4&#8243; _module_preset=&#8221;default&#8221; header_text_color=&#8221;#014f82&#8243; background_layout=&#8221;light&#8221; min_height=&#8221;240px&#8221; custom_margin=&#8221;||||false|false&#8221; custom_padding=&#8221;||||false|false&#8221; border_radii=&#8221;on|10px|10px|10px|10px&#8221; border_width_all=&#8221;1px&#8221; border_color_all=&#8221;#000000&#8243; global_colors_info=&#8221;{}&#8221; background_enable_color=&#8221;off&#8221; header_font=&#8221;|800||on|||||&#8221; hover_enabled=&#8221;0&#8243; sticky_enabled=&#8221;0&#8243; custom_css_main_element=&#8221;min-height: 260px;&#8221; header_font_size_last_edited=&#8221;on|phone&#8221; header_font_size_phone=&#8221;18px&#8221; body_font_size_last_edited=&#8221;on|phone&#8221; body_font_size_phone=&#8221;13px&#8221;]<\/p>\n<p>Nerandate atsakymo \u012f klausim\u0105 d\u0117l mokes\u010di\u0173? O gal norite gauti ra\u0161ti\u0161k\u0105 VMI atsakym\u0105 \u012f Jums r\u016bpim\u0105 klausim\u0105, ta\u010diau ne\u017einote kaip? Pateikime savo klausim\u0105 ir mes pateiksime atsakym\u0105.<\/p>\n<p>[\/et_pb_cta][\/et_pb_column][\/et_pb_row][et_pb_row module_id=&#8221;apie-mus&#8221; _builder_version=&#8221;4.19.4&#8243; _module_preset=&#8221;default&#8221; background_color=&#8221;#014f82&#8243; custom_margin=&#8221;50px|auto|30px|auto|false|false&#8221; hover_enabled=&#8221;0&#8243; border_radii=&#8221;on|10px|10px|10px|10px&#8221; global_colors_info=&#8221;{}&#8221; sticky_enabled=&#8221;0&#8243; custom_css_main_element=&#8221;min-height:&#8221; custom_padding=&#8221;50px|50px|50px|50px|false|false&#8221;][et_pb_column type=&#8221;4_4&#8243; _builder_version=&#8221;4.16&#8243; _module_preset=&#8221;default&#8221; global_colors_info=&#8221;{}&#8221;][et_pb_text _builder_version=&#8221;4.16&#8243; _module_preset=&#8221;default&#8221; text_font=&#8221;Montserrat|700||on|||||&#8221; text_text_color=&#8221;#FFFFFF&#8221; text_font_size=&#8221;30px&#8221; text_orientation=&#8221;center&#8221; custom_margin=&#8221;||0px||false|false&#8221; custom_padding=&#8221;||0px||false|false&#8221; hover_enabled=&#8221;0&#8243; global_colors_info=&#8221;{}&#8221; sticky_enabled=&#8221;0&#8243;]<\/p>\n<p>APIE MUS<\/p>\n<p>[\/et_pb_text][et_pb_text _builder_version=&#8221;4.19.4&#8243; _module_preset=&#8221;default&#8221; text_text_color=&#8221;#FFFFFF&#8221; text_font_size=&#8221;15px&#8221; background_enable_color=&#8221;off&#8221; custom_padding=&#8221;30px|30px|10px|30px|false|false&#8221; hover_enabled=&#8221;0&#8243; border_radii=&#8221;on|10px|10px|10px|10px&#8221; global_colors_info=&#8221;{}&#8221; text_orientation=&#8221;center&#8221; sticky_enabled=&#8221;0&#8243; custom_padding_last_edited=&#8221;on|phone&#8221; custom_padding_phone=&#8221;10px|0px|0px|0px|false|false&#8221; text_font_size_last_edited=&#8221;on|phone&#8221; text_font_size_phone=&#8221;13px&#8221; custom_padding_tablet=&#8221;30px|30px|10px|30px|false|false&#8221; text_font_size_tablet=&#8221;15px&#8221;]<\/p>\n<p>MB Finamena \u012fkurta 2020 m. kovo 17 d. sukaupus nema\u017e\u0105 patirt\u012f apskaitos ir audito srityse. \u012emon\u0117je dirba auk\u0161t\u0105 kvalifikacij\u0105 bei ilgamet\u0119 patirt\u012f turintys darbuotojai. M\u016bs\u0173 vizijoje MB Finamena yra konkurencinga apskaitos paslaugas teikianti bendrov\u0117, kuri maksimaliai orientuota \u012f kliento poreikius. Veikloje mes padedame rasti geriausius sprendimus, kaip suma\u017einti mokes\u010di\u0173 na\u0161t\u0105 klientui, ai\u0161kiai atsakome \u012f visus i\u0161kilusius klausimus, susijusius su apskaita ir mokes\u010diais, bei tvarkome apskait\u0105 taip, kad ji atitikt\u0173 \u012fstatym\u0173 reikalavimus. \u0160iuo metu \u012fmon\u0117s veikla yra aktyviai ple\u010diama.<\/p>\n<p>[\/et_pb_text][\/et_pb_column][\/et_pb_row][et_pb_row _builder_version=&#8221;4.16&#8243; _module_preset=&#8221;default&#8221; global_colors_info=&#8221;{}&#8221;][et_pb_column type=&#8221;4_4&#8243; _builder_version=&#8221;4.16&#8243; _module_preset=&#8221;default&#8221; global_colors_info=&#8221;{}&#8221;][et_pb_divider _builder_version=&#8221;4.16&#8243; _module_preset=&#8221;default&#8221; global_colors_info=&#8221;{}&#8221;][\/et_pb_divider][et_pb_text _builder_version=&#8221;4.16&#8243; _module_preset=&#8221;default&#8221; text_font=&#8221;Montserrat|700||on|||||&#8221; text_text_color=&#8221;#000000&#8243; text_font_size=&#8221;30px&#8221; text_orientation=&#8221;center&#8221; global_colors_info=&#8221;{}&#8221;]<\/p>\n<p>SUSISIEKIME<\/p>\n<p>[\/et_pb_text][\/et_pb_column][\/et_pb_row][et_pb_row column_structure=&#8221;1_2,1_2&#8243; module_id=&#8221;kontaktai&#8221; _builder_version=&#8221;4.16&#8243; _module_preset=&#8221;default&#8221; global_colors_info=&#8221;{}&#8221;][et_pb_column type=&#8221;1_2&#8243; _builder_version=&#8221;4.16&#8243; _module_preset=&#8221;default&#8221; global_colors_info=&#8221;{}&#8221;][et_pb_contact_form captcha=&#8221;off&#8221; email=&#8221;info@finamena.lt&#8221; custom_message=&#8221;Lai\u0161kas i\u0161 finamena.lt&#8221; success_message=&#8221;A\u010di\u016b u\u017e \u017einut\u0119, greitu metu susisieksime.&#8221; submit_button_text=&#8221;Si\u0173sti&#8221; _builder_version=&#8221;4.19.4&#8243; _module_preset=&#8221;default&#8221; _unique_id=&#8221;c6b3fac1-93b1-4103-a243-5d11daacf2e2&#8243; form_field_background_color=&#8221;#ffffff&#8221; form_field_text_color=&#8221;#000000&#8243; custom_button=&#8221;on&#8221; button_text_color=&#8221;#FFFFFF&#8221; button_bg_color=&#8221;#014f82&#8243; button_border_color=&#8221;#0C71C3&#8243; button_border_radius=&#8221;10px&#8221; button_font=&#8221;|700||on|||||&#8221; button_use_icon=&#8221;off&#8221; hover_enabled=&#8221;0&#8243; button_text_color_last_edited=&#8221;off|desktop&#8221; custom_css_contact_fields=&#8221;border: 1px solid #ddd;||border-radius: 15px;&#8221; custom_css_text_field=&#8221;border: 1px solid #ddd;||border-radius: 15px;&#8221; global_colors_info=&#8221;{}&#8221; button_text_color__hover_enabled=&#8221;on|desktop&#8221; button_text_color__hover=&#8221;#014f82&#8243; button_bg_color__hover_enabled=&#8221;on|desktop&#8221; button_bg_color__hover=&#8221;#FFFFFF&#8221; button_bg_enable_color__hover=&#8221;on&#8221; button_border_color__hover_enabled=&#8221;on|desktop&#8221; button_border_color__hover=&#8221;#014f82&#8243; button_bg_enable_color=&#8221;on&#8221; sticky_enabled=&#8221;0&#8243;][et_pb_contact_field field_id=&#8221;Name&#8221; field_title=&#8221;Vardas&#8221; _builder_version=&#8221;4.16&#8243; global_colors_info=&#8221;{}&#8221; button_text_size__hover_enabled=&#8221;off&#8221; button_one_text_size__hover_enabled=&#8221;off&#8221; button_two_text_size__hover_enabled=&#8221;off&#8221; button_text_color__hover_enabled=&#8221;off&#8221; button_one_text_color__hover_enabled=&#8221;off&#8221; button_two_text_color__hover_enabled=&#8221;off&#8221; button_border_width__hover_enabled=&#8221;off&#8221; button_one_border_width__hover_enabled=&#8221;off&#8221; button_two_border_width__hover_enabled=&#8221;off&#8221; button_border_color__hover_enabled=&#8221;off&#8221; button_one_border_color__hover_enabled=&#8221;off&#8221; button_two_border_color__hover_enabled=&#8221;off&#8221; button_border_radius__hover_enabled=&#8221;off&#8221; button_one_border_radius__hover_enabled=&#8221;off&#8221; button_two_border_radius__hover_enabled=&#8221;off&#8221; button_letter_spacing__hover_enabled=&#8221;off&#8221; button_one_letter_spacing__hover_enabled=&#8221;off&#8221; button_two_letter_spacing__hover_enabled=&#8221;off&#8221; button_bg_color__hover_enabled=&#8221;off&#8221; button_one_bg_color__hover_enabled=&#8221;off&#8221; button_two_bg_color__hover_enabled=&#8221;off&#8221;][\/et_pb_contact_field][et_pb_contact_field field_id=&#8221;Email&#8221; field_title=&#8221;El. pa\u0161tas&#8221; field_type=&#8221;email&#8221; _builder_version=&#8221;4.16&#8243; global_colors_info=&#8221;{}&#8221; button_text_size__hover_enabled=&#8221;off&#8221; button_one_text_size__hover_enabled=&#8221;off&#8221; button_two_text_size__hover_enabled=&#8221;off&#8221; button_text_color__hover_enabled=&#8221;off&#8221; button_one_text_color__hover_enabled=&#8221;off&#8221; button_two_text_color__hover_enabled=&#8221;off&#8221; button_border_width__hover_enabled=&#8221;off&#8221; button_one_border_width__hover_enabled=&#8221;off&#8221; button_two_border_width__hover_enabled=&#8221;off&#8221; button_border_color__hover_enabled=&#8221;off&#8221; button_one_border_color__hover_enabled=&#8221;off&#8221; button_two_border_color__hover_enabled=&#8221;off&#8221; button_border_radius__hover_enabled=&#8221;off&#8221; button_one_border_radius__hover_enabled=&#8221;off&#8221; button_two_border_radius__hover_enabled=&#8221;off&#8221; button_letter_spacing__hover_enabled=&#8221;off&#8221; button_one_letter_spacing__hover_enabled=&#8221;off&#8221; button_two_letter_spacing__hover_enabled=&#8221;off&#8221; button_bg_color__hover_enabled=&#8221;off&#8221; button_one_bg_color__hover_enabled=&#8221;off&#8221; button_two_bg_color__hover_enabled=&#8221;off&#8221;][\/et_pb_contact_field][et_pb_contact_field field_id=&#8221;Message&#8221; field_title=&#8221;\u017dinut\u0117&#8221; field_type=&#8221;text&#8221; fullwidth_field=&#8221;on&#8221; _builder_version=&#8221;4.16&#8243; global_colors_info=&#8221;{}&#8221; button_text_size__hover_enabled=&#8221;off&#8221; button_one_text_size__hover_enabled=&#8221;off&#8221; button_two_text_size__hover_enabled=&#8221;off&#8221; button_text_color__hover_enabled=&#8221;off&#8221; button_one_text_color__hover_enabled=&#8221;off&#8221; button_two_text_color__hover_enabled=&#8221;off&#8221; button_border_width__hover_enabled=&#8221;off&#8221; button_one_border_width__hover_enabled=&#8221;off&#8221; button_two_border_width__hover_enabled=&#8221;off&#8221; button_border_color__hover_enabled=&#8221;off&#8221; button_one_border_color__hover_enabled=&#8221;off&#8221; button_two_border_color__hover_enabled=&#8221;off&#8221; button_border_radius__hover_enabled=&#8221;off&#8221; button_one_border_radius__hover_enabled=&#8221;off&#8221; button_two_border_radius__hover_enabled=&#8221;off&#8221; button_letter_spacing__hover_enabled=&#8221;off&#8221; button_one_letter_spacing__hover_enabled=&#8221;off&#8221; button_two_letter_spacing__hover_enabled=&#8221;off&#8221; button_bg_color__hover_enabled=&#8221;off&#8221; button_one_bg_color__hover_enabled=&#8221;off&#8221; button_two_bg_color__hover_enabled=&#8221;off&#8221;][\/et_pb_contact_field][\/et_pb_contact_form][\/et_pb_column][et_pb_column type=&#8221;1_2&#8243; _builder_version=&#8221;4.16&#8243; _module_preset=&#8221;default&#8221; global_colors_info=&#8221;{}&#8221;][et_pb_text _builder_version=&#8221;4.16&#8243; _module_preset=&#8221;default&#8221; text_font=&#8221;Montserrat|700|||||||&#8221; text_text_color=&#8221;#000000&#8243; text_font_size=&#8221;30px&#8221; global_colors_info=&#8221;{}&#8221;]<\/p>\n<p>Finamena, MB<\/p>\n<p>[\/et_pb_text][et_pb_blurb title=&#8221;+370 686 61751&#8243; use_icon=&#8221;on&#8221; font_icon=&#8221;&#xe090;||divi||400&#8243; icon_color=&#8221;#014f82&#8243; icon_placement=&#8221;left&#8221; image_icon_width=&#8221;25px&#8221; _builder_version=&#8221;4.19.4&#8243; _module_preset=&#8221;default&#8221; header_text_align=&#8221;left&#8221; header_text_color=&#8221;#000000&#8243; header_line_height=&#8221;1.2em&#8221; custom_margin=&#8221;||25px|||&#8221; hover_enabled=&#8221;0&#8243; icon_font_size=&#8221;25px&#8221; global_colors_info=&#8221;{}&#8221; sticky_enabled=&#8221;0&#8243;][\/et_pb_blurb][et_pb_blurb title=&#8221;info@finamena.lt&#8221; use_icon=&#8221;on&#8221; font_icon=&#8221;&#xe010;||divi||400&#8243; icon_color=&#8221;#014f82&#8243; icon_placement=&#8221;left&#8221; image_icon_width=&#8221;25px&#8221; _builder_version=&#8221;4.19.4&#8243; _module_preset=&#8221;default&#8221; header_text_align=&#8221;left&#8221; header_text_color=&#8221;#000000&#8243; header_line_height=&#8221;1.2em&#8221; custom_margin=&#8221;||25px|||&#8221; hover_enabled=&#8221;0&#8243; icon_font_size=&#8221;25px&#8221; global_colors_info=&#8221;{}&#8221; sticky_enabled=&#8221;0&#8243;][\/et_pb_blurb][\/et_pb_column][\/et_pb_row][\/et_pb_section]<\/p>\n","protected":false},"excerpt":{"rendered":"<p>Buhalterin\u0117s apskaitos paslaugosPASLAUGOS\u012esteig\u0117te \u012fmon\u0119? O gal netenkina buhalterin\u0117s paslaugos? Mes Jums pad\u0117sime! Tvarkome apskait\u0105 nuo s\u0105skait\u0173 i\u0161ra\u0161ymo iki finansin\u0117s atskaitomyb\u0117s sudarymo.Mes si\u016blome J\u016bs\u0173 buhalterio patikrinim\u0105 ir kontrol\u0119.\u00a0 Patikrinsime visas J\u016bs\u0173 buhalterio atliktas operacijas, darbo u\u017emokes\u010dio skai\u010diavim\u0105, mokes\u010di\u0173 skai\u010diavim\u0105 bei deklaravim\u0105, ataskait\u0173 rengim\u0105. D\u0117l per didelio darb\u0173 kiekio pamir\u0161ote, apie \u012fmon\u0117s buhalterin\u0117s apskaitos vedim\u0105? Mes pad\u0117sime [&hellip;]<\/p>\n","protected":false},"author":1,"featured_media":0,"parent":0,"menu_order":0,"comment_status":"closed","ping_status":"closed","template":"","meta":{"_et_pb_use_builder":"on","_et_pb_old_content":"","_et_gb_content_width":"","footnotes":""},"class_list":["post-15","page","type-page","status-publish","hentry"],"_links":{"self":[{"href":"https:\/\/finamena.lt\/index.php\/wp-json\/wp\/v2\/pages\/15","targetHints":{"allow":["GET"]}}],"collection":[{"href":"https:\/\/finamena.lt\/index.php\/wp-json\/wp\/v2\/pages"}],"about":[{"href":"https:\/\/finamena.lt\/index.php\/wp-json\/wp\/v2\/types\/page"}],"author":[{"embeddable":true,"href":"https:\/\/finamena.lt\/index.php\/wp-json\/wp\/v2\/users\/1"}],"replies":[{"embeddable":true,"href":"https:\/\/finamena.lt\/index.php\/wp-json\/wp\/v2\/comments?post=15"}],"version-history":[{"count":38,"href":"https:\/\/finamena.lt\/index.php\/wp-json\/wp\/v2\/pages\/15\/revisions"}],"predecessor-version":[{"id":184,"href":"https:\/\/finamena.lt\/index.php\/wp-json\/wp\/v2\/pages\/15\/revisions\/184"}],"wp:attachment":[{"href":"https:\/\/finamena.lt\/index.php\/wp-json\/wp\/v2\/media?parent=15"}],"curies":[{"name":"wp","href":"https:\/\/api.w.org\/{rel}","templated":true}]}}